4. Is l a composite number?
False
Is ((-40857)/(-12))/(1/4) a composite number?
False
Let q = 3222 + 3851. Is q a composite number?
True
Let v(o) = -786*o + 119 + 126 - 210. Is v(-6) prime?
True
Is 28 + 41590341/104 - 1/8 composite?
True
Let p(r) = 3*r**3 + 3*r**2 - 2. Let x be p(1). Let s(b) = 28 + b + x*b - 5*b + b. Is s(-5) a composite number?
False
Let m(k) = -41128*k + 5729. Is m(-4) prime?
False
Is ((-190802)/(-3))/((-8)/10*15/(-18)) a prime number?
True
Is (2/(-6))/(181/1086) - -1303789 composite?
False
Let t(o) = o**3 + 4*o**2 - 8*o - 11. Let b be (-4)/14 + (-132)/28. Let f be t(b). Suppose 3*c = -4*v + 1167, f*c - 694 - 862 = -5*v. Is c composite?
False
Suppose -7*f + 2*f = -2225. Let l be -2*(-2)/16 + f/(-4). Let d = l + 289. Is d prime?
False
Let f(c) = 2590*c**2 - c. Let n be f(1). Let y be (-1)/(-2) + (-34550)/20. Let g = n + y. Is g prime?
False
Let s(o) be the first derivative of -o**2/2 + 13*o + 26. Let w be s(8). Suppose -4 = j, w*t - 472 = 4*j - 121. Is t prime?
True
Let q = 23380 - 6149. Is q composite?
False
Suppose 39*w - 32911205 - 5605936 = 0. Is w a composite number?
True
Is 582368/224 + (-42)/49 a prime number?
False
Let m(s) be the second derivative of 17*s**4/2 + 14*s**3/3 + 89*s**2/2 - 37*s. Is m(-6) a prime number?
True
Suppose 6*z - 30161 - 60985 = 0. Is z a composite number?
True
Let n be -1043*(-5 + (-20)/5 + 7). Let y = 2107 + -3567. Let j = y + n. Is j prime?
False
Suppose 3655*w = 3666*w - 1203961. Is w composite?
False
Let x(h) be the third derivative of h**4/24 - 4*h**3/3 + 17*h**2. Let u be x(11). Suppose 5*k = 3*n + 16786, -2*n - 2347 - 7724 = -u*k. Is k a composite number?
False
Is (14127 - -12) + 6 + (-14 - -6) a composite number?
True
Suppose -21 + 0 = -7*u. Suppose 3*i = -b + 8726, i + 3*b + 5821 = u*i. Is i prime?
True
Let p = 531 + -528. Suppose -2*i = 2*x + i - 12668, -p*x - 4*i + 19001 = 0. Is x prime?
False
Let t = 53008 - 25665. Is t composite?
True
Suppose -5*u + 108 = 13*u. Is 83/(5/(-15)*u/(-34)) a prime number?
False
Let h be -2 + 1 + 11/(55/(-10)). Is h + 56*385/14 a composite number?
True
Suppose -13757 = -7*a - 55750. Is -1*(a + 2 - 1) composite?
True
Let t(r) = 43*r**2 - 713*r + 43. Is t(132) prime?
False
Suppose -5*m + 53349 = 4*s, -2*s + 7*m - 3*m + 26694 = 0. Is s composite?
True
Let y = -44269 - -107612. Is y a composite number?
True
Let n(m) = 182*m**2 + 9*m - 562. Is n(-27) prime?
False
Let y(g) = 5*g**2 + 2*g. Let k be y(-1). Suppose -k*i + 2*c - 1 = 0, 4*i - 4*c + 3*c = 7. Suppose -q - i*z + 437 = -675, -3*q = z - 3312. Is q prime?
True
Let s be 641046/168 + (-6)/8. Let v = 3344 + s. Is v prime?
True
Suppose 2 = -4*w - 3*h - 1, -3*w - 4*h + 3 = 0. Is w - 31*(-3 + -1121) prime?
True
Suppose -257*u = -4963799 - 6299792 - 34557196. Is u a composite number?
True
Let m(s) = s**3 - 25*s**2 + 12*s - 291. Is m(33) a composite number?
True
Suppose -5 = 5*f - 55. Let t be (-3)/15 - (0 - 232032/f). Suppose -4*x + 2*z + 15138 = 0, -3*z + 4283 = -5*x + t. Is x prime?
False
Let v(l) = -268*l - 5. Let o be v(2). Is 1*o*(-7 + 6) a prime number?
True
Let f(k) = -922*k**2 + 4*k + 5. Let y be f(3). Let s = -4916 - y. Is s composite?
True
Let w(s) = 113590*s**2 + 9*s + 10. Is w(-1) prime?
True
Suppose 0 = 1220*x - 1207*x - 44057. Is x a prime number?
True
Let d = 279 + -119. Suppose 0 = 2*u - 7*u - 3*w + d, 2*w + 80 = 2*u. Is 7/(u/3600) - 1 a prime number?
True
Suppose -71*b - 2*x = -73*b + 221730, 0 = -5*b + 3*x + 554321. Is b composite?
False
Suppose -2*v = -4*m + 2*m - 14, -2*v - 11 = 3*m. Let t be ((-9478)/7)/(v/(-4)). Suppose 7*d + t = 24051. Is d composite?
False
Let x be 21 - (-3 + 1 + (5 - 6)). Suppose 0 = -x*r + 2*r + 83710. Is r composite?
True
Let x = -140 + 132. Is 5/(15/(-2))*52572/x a composite number?
True
Let j(x) = -1828*x + 10. Let d be j(1). Let y = d + 2737. Is y composite?
False
Let x(h) = -5*h + 32. Let i be x(6). Suppose n - g = 3206, -2243 = 5*n - i*g - 18264. Is n prime?
True
Let b = -18926 - -108975. Is b a prime number?
False
Suppose 0 = 45*j + 100*j - 26*j - 7543291. Is j a prime number?
True
Suppose 991 = 10*m - 79. Let z = m + -82. Let b(a) = 4*a**2 - 43*a + 14. Is b(z) composite?
False
Suppose 23 + 73 = 2*f. Let o be (1/6*3)/(6/f). Is ((-16)/o - -2) + (0 - -2101) a prime number?
True
Let l(h) be the second derivative of 419*h**3/3 - 321*h**2/2 + 16*h. Is l(19) a composite number?
False
Let n(l) = 4*l**2 + 4 + 20*l**3 + 35*l - 29*l - 137*l**3. Is n(-3) a prime number?
True
Let p(n) = 2*n - 13. Let w be p(8). Suppose -6*s = -w*s - 9. Is (5073/(-38))/(s/(-4)) a prime number?
False
Let r(k) be the first derivative of 45*k**4/2 + 2*k**3/3 - k**2 + k - 6. Suppose 5*p - 246 + 231 = 0. Is r(p) prime?
False
Suppose 1522 = 2*g + 5*p, -g = 2*p + p - 763. Let q be 3 + 2/(-6 - -4). Is g*(9/6 + -1)*q a composite number?
False
Let i be 2755/3 + 46/(-138). Let d = i + -227. Is d a prime number?
True
Let l(s) be the first derivative of 2*s**3/3 + 7*s**2/2 + 11*s - 30. Let a be l(-4). Is 1346*((-6)/(-2) - a/6) composite?
False
Suppose -2*q + j = 1 - 4, -j = 3. Suppose q = 3*f - 2*f + 4. Is f/(-16) - (-14409)/12 a composite number?
False
Is 16/20 - (-18693549)/245 a composite number?
True
Let k(q) = 3760*q + 25. Let g be k(10). Is ((-21)/4)/7 + g/28 composite?
True
Suppose -x - 4*r = 14, -6 + 0 = -x + r. Let y be (0 - x)*1/2 + -7. Is 48/(-4)*1*2942/y a prime number?
False
Let f(c) = 257*c + 13. Let p(u) = -u**2 + 15*u - 22. Let i be p(13). Is f(i) composite?
True
Let c be (42/(-4) + 0)*(-130)/15. Let h = -85 + c. Suppose -175 = -h*i + 47. Is i composite?
False
Let n(l) = -l**2 + 8*l - 3. Let z be n(4). Suppose -z*h + 36 = -3. Suppose -5*v + 1847 = 4*o, -h*v + 2*o - 8 = -1103. Is v prime?
True
Let k(z) = -z**3 + 6*z**2 - 2*z - 3. Let c be k(0). Is (-6)/((-108)/(-498))*c a composite number?
False
Let v = 2095 + -919. Suppose -5*o - 1329 + 6108 = 4*k, -k - 5*o = -v. Is k a prime number?
True
Suppose -2*z + 0 + 2 = -2*u, 4*u = z + 14. Let q(s) = 3*s**3 - 12*s + 3. Let r be q(z). Let y = 1940 - r. Is y a composite number?
False
Let r = 81411 + 182872. Is r composite?
False
Suppose 0 = 38*b - 34*b - 321348. Suppose 172955 + b = 52*g. Is g prime?
True
Suppose 2*k = -32*k - 2448. Is (-22546)/3*k/48 composite?
False
Suppose 5*y - 3*s + 115 = 0, -y - s = 2*y + 83. Let g = -25 - y. Is 0 - (-211)/g - (-20 - -20) prime?
True
Suppose 4*y - 33*h = -31*h + 3494204, -y - 3*h = -873551. Is y composite?
True
Suppose -1186981 = -117*x - 298132. Is x a prime number?
False
Suppose 0 = 2*v + 6*v. Suppose -5*j = l - 20165, j - 4033 = 2*l - v*l. Let n = j - 2864. Is n a prime number?
False
Let h(l) = 43*l - 35. Let t be h(1). Suppose 2*p - t*u - 44798 = -11*u, 0 = p - 2*u - 22413. Is p a composite number?
True
Let y(s) = 5*s**3 - 5*s**2 + s + 4. Let m be y(-4). Let l = m - -149. Let u = 128 - l. Is u a prime number?
True
Let v = -28769 - -8673. Let b = v - -34717. Is b prime?
True
Suppose -324588 = 2737*i - 2749*i. Is i composite?
True
Let u(r) = r**3 - 2*r - 625. Let c be (-4)/26 - 22/(-143). Let z be u(c). Let d = -294 - z. Is d a prime number?
True
Let l(f) = -39*f**2 + 6*f - 7. Let m(v) = 118*v**2 - 18*v + 20. Suppose -5*u + 49 = -2*h, -5*u - 2*h = -10 - 51. Let d(y) = u*l(y) + 4*m(y). Is d(8) prime?
True
Suppose -j = -4*j - 3885. Let q(k) = -62*k - 40. Let d be q(3). Let t = d - j. Is t prime?
True
Let n(o) = -100*o**3 + 3*o**2 + 4*o + o**2 + 3 + 0*o - 221*o**3. Is n(-2) prime?
True
Let q = 226 + -217. Suppose q*l = 7*l + 23758. Is l a prime number?
False
Suppose 117*h - 119*h + 5281 = -5*z, -4*h - 3*z + 10523 = 0. Is h a prime number?
True
Let l = -532 + 1305. Suppose b + l = -2410. Is -3*(-4)/(-36)*b prime?
True
Let i = 9350 - -6576. Is i a prime number?
False
Let u(d) = 1991*d**2 + 12*d - 4. Let p be u(-6). Suppose -p = -14*a - 11106. Is a prime?
False
Suppose 3*x = 97*w - 102*w + 197708, -w - 4*x + 39545 = 0. Is w a composite number?
False
Let o(u) = 4210*u**2 - 59*u + 181. Is o(3) a composite number?
True
Suppose -4*m - 96 = -5*t - 93, -2*t = -2*m. Is (5 + -1*45764)*(-1)/t composite?
True
Let v(a) = 21*a**2 + 2*a + 7. Let n be v(3). Let s = n + 541. Let f = s - -1802. Is f prime?
False
Let w(m) = 3*m**3 - 167*m**2 + 204*m - 3. Is w(80) a composite number?
True
Let f(x) = -7*x**3 + 0 + 12*x**3 + 9*